 4*w. What is the units digit of w?
0
Let s(a) = -a**2 - 7*a + 5. What is the units digit of s(-7)?
5
Let g be 12/(-9)*6/(-4). Let r be (3 - 0)*-6 + g. What is the units digit of ((-27)/(-12))/((-6)/r)?
6
Suppose -4*w = -5*y + 241, -3*y + 5*w = -0*y - 155. What is the tens digit of y?
4
Let p(l) be the second derivative of l**4/4 + l**3/6 + l**2 - l. Let b be p(-2). Let x = b - 7. What is the units digit of x?
5
Let b = -19 + 35. Let m = -7 + b. What is the units digit of m?
9
Let m = 17 + -12. Suppose 4*c - 7 = m. What is the units digit of c?
3
Suppose 4*b - c + 48 = 563, b - 132 = -3*c. What is the tens digit of b?
2
Let x(t) = 2*t**3. Suppose 0 = -5*l - 9 - 16, z + 9 = -2*l. Let u be x(z). Suppose -13 - 9 = -u*q. What is the units digit of q?
1
Suppose -45 = -n + 2*k, n = 4*k + 52 - 9. What is the tens digit of n?
4
Let i(v) = -12*v - 1. Let q(p) = p. Let o(a) = i(a) + 6*q(a). Let y(w) = 25*w + 3. Let k(b) = 9*o(b) + 2*y(b). What is the units digit of k(-2)?
5
Let y be 58/18 + 2/(-9). Suppose y*d + 3*f + f = 34, 5*f + 61 = 2*d. What is the tens digit of d?
1
Let v(i) = -i**3 + 3*i**2 - 3*i + 2. Let h be v(2). Suppose -3*x + 5*f = -50 - h, -x + 19 = -4*f. What is the units digit of x?
5
Suppose 2*a + 4 = -4*m - 0, 2*a = 3*m + 17. Suppose b - f = -2*f + 13, -a*b + 5*f = -97. What is the units digit of b?
8
Suppose 5*t = 2*t + 12. Let y = t - 5. What is the tens digit of y + 15 + 3/(-3)?
1
Let q be (-2 + 0)*(0 - 2). Suppose -u + 2 + q = 0. What is the units digit of 2/(1 - 3/u)?
4
Let y(k) = -k - 6. Let m be y(-10). Suppose -m*v + 26 = 6. What is the units digit of v?
5
Let p = 186 - 36. What is the units digit of p?
0
Suppose -5*o = 3*v - 256, -3*o + 156 = 4*v - v. What is the units digit of o?
0
Let k be 26 - (-6)/(0 + 3). Suppose 3*p - k = -p - 2*i, 0 = p - 2*i + 3. Let n = p + -4. What is the units digit of n?
1
Suppose 4*d - 4 - 4 = 0. Let t be 5 - 1/d*-6. Suppose -m + 8 = -t. What is the units digit of m?
6
Suppose 3*l - 20 = -2*p, 2*p - p + l = 8. Suppose 22 = 2*z + 4*m - 8*m, -p*z - 2*m = 6. What is the units digit of z?
1
Suppose 2*m = -0*m + 74. Let k = m + -16. What is the units digit of k?
1
Suppose c = -c + 136. What is the units digit of c?
8
Let a = 243 - 129. What is the tens digit of a?
1
Let z = -15 - -22. Let t be (0/2)/(z + -5). Suppose t*q = 3*c - q - 32, -47 = -4*c - 3*q. What is the tens digit of c?
1
Suppose 5*g + 5*b - 105 = 50, 0 = 4*g + 3*b - 125. Let w = -18 + g. What is the units digit of w?
4
Suppose 0 = -6*c + 3*c + 351. What is the hundreds digit of c?
1
Let j = -66 - -100. What is the tens digit of j?
3
Let s(l) = 10*l - 1. What is the hundreds digit of s(15)?
1
Let u be (37/(-2))/(5/(-10)). What is the units digit of u + (-1 - (0 + -1))?
7
Let t(s) = 2*s - 5. Let r be 4/(-6)*90/(-12). What is the units digit of t(r)?
5
Suppose 4*b - 105 - 179 = 0. What is the tens digit of b?
7
What is the units digit of (1 - 3 - -30)/2?
4
Let a(t) = -t**2 + 12*t + 7. Let n(q) = -2*q**2 + 25*q + 14. Let s(v) = -5*a(v) + 2*n(v). What is the units digit of s(11)?
4
Let t(x) = -2 - x**2 - 8*x - 3*x**2 + 5*x**2 + 12. What is the units digit of t(7)?
3
Let w(t) = t**3 - t**2. Let i(g) = g**2 - 6*g - 1. Let h be i(6). Let f be w(h). What is the units digit of -6 - -1 - f - -17?
4
Suppose -4*v + 336 = 76. What is the tens digit of v?
6
Suppose 5*u - t - 123 = -0*t, t = 4*u - 98. Suppose -u = -5*v + 5*i, -3*i = -6*v + v + 17. What is the units digit of v?
1
Let b(l) be the first derivative of -l**4/4 + 8*l**3/3 + 5*l**2 + 3. What is the units digit of b(9)?
9
Let h(u) = -u**2 - 3*u**2 + 5*u + 5*u**2. Let l be h(-6). Suppose 10 = -c + l*c. What is the units digit of c?
2
Suppose 0 = -5*y + y + 20. Let b = -1 + y. Suppose f - 5*j - 7 = 0, -4*f - b*j + 4 + 0 = 0. What is the units digit of f?
2
Let i(t) = -t**3 + 8*t**2 - 8. Let h be i(8). Let j = h + 11. Suppose -4*g + 5*a = -11, j*g - a - 8 = 3*a. What is the units digit of g?
4
What is the hundreds digit of (-6)/(-3) - 1 - -288?
2
Let z(t) = 4*t**3 + 11*t**2 - 5*t - 4. Let h(i) = -5*i**3 - 12*i**2 + 4*i + 5. Let p(c) = -3*h(c) - 4*z(c). What is the tens digit of p(-9)?
1
Let x(t) = t**3 + 6*t**2 - 2*t - 9. Suppose 6 = 2*a - 3*a. Let i be x(a). Suppose 0*d = i*d - 36. What is the units digit of d?
2
Suppose 26 = 3*f - 124. Let s = -29 + f. What is the units digit of s?
1
Suppose 4*d = 3*l + 14, 2 = 4*d + 5*l + 4. Let g = 3 - d. What is the units digit of g?
1
Let k = -12 + 167. What is the units digit of k?
5
Suppose 0*i - i + 6 = 0. Let h be i/(((-30)/(-8))/5). Suppose w - 3*w + h = 0. What is the units digit of w?
4
Suppose 4*y + 0*y - 360 = 0. What is the units digit of y/27*(-6)/(-5)?
4
Let v(c) = -6*c**2 + 15*c + 5. Let a(h) = 5*h**2 - 14*h - 4. Let g(n) = -5*a(n) - 4*v(n). What is the tens digit of g(7)?
2
Let r(w) = 2*w - 1. Let z be r(2). Let t(m) = -2*m - 2. Let j be t(-3). Suppose 3*a - z = 0, 0 = -4*b + j*a - 2*a + 62. What is the units digit of b?
6
Let d(s) = s**3 + 6*s**2 + 7*s + 3. Let o be d(-5). Let p be (-27)/2 + (-2)/4. Let j = o - p. What is the units digit of j?
7
Let j be 5/((-1 + -1)/(-2)). Suppose -j*c - 4 + 19 = 0. What is the units digit of c?
3
Let v(m) = 2*m**2 - 23*m + 24. Let z(g) = 3*g**2 - 35*g + 36. Let b(f) = 7*v(f) - 5*z(f). What is the units digit of b(8)?
6
Let q(v) = -v**2 - 8*v - 8. Let w be -8 - (3 - 2)*-2. What is the units digit of q(w)?
4
Suppose 2*j = -3*v - v + 48, 4*v - 4*j = 48. What is the units digit of v?
2
Suppose 4*g + 5 - 13 = 0. Suppose g*q + 5*f - 5 = q, 0 = -q + 5*f - 5. What is the units digit of 12/3 - (-1 + q)?
5
Suppose 0 = 2*g - 3*g + 8. Suppose 2 = -2*y - g. Let j = 13 + y. What is the units digit of j?
8
Let p be 87/5 - (-4)/(-10). Let s(h) = -14*h**2 - 27*h - 11. Let m(o) = 5*o**2 + 9*o + 4. Let b(t) = p*m(t) + 6*s(t). What is the units digit of b(9)?
2
Let m = 7 - 7. Let l(x) = 9*x**2 - 9*x - 17. Let a(r) = -5*r**2 + 5*r + 8. Let n(b) = -7*a(b) - 4*l(b). What is the tens digit of n(m)?
1
Let n(x) = -x + 5. Suppose -z - 7 = -4*g, 4*g + 5 = 3*z + 2. Let k be n(z). Let i = 10 - k. What is the tens digit of i?
1
Let g = -68 + 103. What is the tens digit of (21/(-15) + 2)*g?
2
Let x = -12 - -20. Suppose g - 4 = -2*y - y, 3*y = g + x. What is the tens digit of g/(159/(-51) + 3)?
1
Let g(h) = 9*h - 2. Suppose 2*m = 4*r + 3*m - 7, -4*r = -m - 9. What is the units digit of g(r)?
6
Suppose -2*i + 5*m + 152 + 270 = 0, -5*i + 1025 = -5*m. What is the tens digit of i?
0
Let z = -8 - -11. Suppose 2*w = 6, z*s + 3*w - 30 = -2*w. Suppose 0*d = d - s*y, 26 = 3*d - 2*y. What is the tens digit of d?
1
Let j be 66/(-8) - 9/12. Let o(b) = -b**2 - 10*b + 5. What is the tens digit of o(j)?
1
Let m be 2/(-4)*(3 + -5). Let f be (-2 - m) + 30/2. Suppose -5*x = 3*u + 2*u, 3*x + f = 0. What is the units digit of u?
4
Let k(t) = -t**3 + 5*t**2 + 9*t - 9. Let w be k(6). What is the units digit of 2*w + 3 + -3?
8
Let u(m) = -m. Let c(b) = 35*b - 1. Let k(x) = c(x) + 6*u(x). What is the units digit of k(1)?
8
Let k(t) be the second derivative of -2*t + 1/20*t**5 + 0 + 1/2*t**3 - 1/3*t**4 + 3/2*t**2. What is the units digit of k(3)?
3
Let a = 212 - 107. What is the units digit of a?
5
What is the units digit of (-7665)/(-175) + 1 + (-8)/10?
4
What is the tens digit of 38 - (-1)/((-4)/8)?
3
Suppose -10 = -h - 5. Suppose -h = -3*q + 124. What is the tens digit of q?
4
Suppose 0 = 5*t - 0 + 65. Let m(f) = f**2 + 5*f + 1. Let b be m(-5). What is the tens digit of b/((-3)/(-6)) - t?
1
Suppose -5*y = 2*g - y - 36, 5*g + 5*y - 80 = 0. What is the units digit of g?
4
Let g = 509 - 313. What is the units digit of g?
6
Let p be ((-1)/(-1))/(-1 - 0). Let x = p - -2. Suppose 4*o - 4*z - 20 = 0, -z = 3*o + x - 8. What is the units digit of o?
3
Suppose 777 - 159 = 4*s - 3*m, -5*s = -5*m - 775. What is the tens digit of s?
5
What is the tens digit of 26*(-4)/(-8) - (-2 - -1)?
1
Let t = 28 - 5. What is the tens digit of t?
2
Let g(u) = u - 4. Let h(f) = -7*f + 1. Let d be h(2). Let a = -8 - d. What is the units digit of g(a)?
1
Suppose h - 39 = 4*q, 5*h = -2*q - 0*h - 3. Let m(c) = -c. What is the units digit of m(q)?
9
Let u = -305 + 489. What is the hundreds digit of u?
1
Let k(f) = -6*f - 2. Let n be k(-1). Suppose -j + 60 = n*j. What is the tens digit of j?
1